 5
Let x(a) = -4*a - 31. Let c = -79 - -69. List the prime factors of x(c).
3
Suppose 3*s - 21 = -3*v, 3*v = s - 3*s + 19. Let i(q) = q**2 + 3*q - 2. Let r be i(-4). What are the prime factors of r + 38/4*s?
3, 7
Let r = -15 + 33. Let t be (-70)/28*r/(-5). Let l(g) = 3*g + 17. What are the prime factors of l(t)?
2, 11
Let f = -50 - -98. Let y be 90/4 - (-2)/4. Let t = f - y. List the prime factors of t.
5
Suppose -m - 1241 = -4*y, 3*y + 84 = -5*m + 1009. What are the prime factors of y?
2, 5, 31
Let q(y) be the first derivative of 2*y**3/3 - 2*y**2 - 10*y + 8. What are the prime factors of q(6)?
2, 19
What are the prime factors of (-1)/(-2)*(-7372)/(-2)?
19, 97
What are the prime factors of 3 - (3 + -4 + -457)?
461
Let t = -6840 + 10267. List the prime factors of t.
23, 149
Suppose 0 = -0*a - 4*a + 3*r, 5*r = 5*a. Suppose a = u + 3*u - 196. List the prime factors of u.
7
Let f(o) = -2*o**3 - 34*o**2 + 37*o + 22. List the prime factors of f(-20).
2, 29
Let c be (-7)/(-3) + (-2)/(-3). Suppose 2*a - 20 = -c*a. What are the prime factors of a?
2
What are the prime factors of 227608/276 - (-1 + 10/6)?
2, 103
Let o = 443 + -152. List the prime factors of o.
3, 97
Suppose 4*c - 5*g = -1284, -5*c + 4*g - 1614 = -0*c. Let n = c + 457. What are the prime factors of n?
131
Let m = 21 + -16. Suppose 4 = -3*u - 5, 4*u = m*a - 22. What are the prime factors of a?
2
Let a = 52 - 49. Suppose 253 + 14 = a*d. What are the prime factors of d?
89
Suppose f + m - 910 = 0, 36*f + 2*m + 2725 = 39*f. What are the prime factors of f?
3, 101
Suppose 4*j + 4*z - 32 = 0, z - 4*z = 0. Suppose 3*q + j + 1 = 0. Let x(m) = -m**3 - m - 1. List the prime factors of x(q).
29
Suppose 0 = -43*d + 42*d - 6. Let o(k) = k**3 + 8*k**2 - 4*k + 1. What are the prime factors of o(d)?
97
Let o(v) = -23*v**3 - v**2. What are the prime factors of o(-1)?
2, 11
Let x = 286 + 307. What are the prime factors of x?
593
Let s(j) = 2*j + 11. Let f be s(-4). Suppose -9 + f = -l. List the prime factors of l.
2, 3
Let v(u) = 3*u**2 + 11. Let t be v(6). Suppose 0 = -5*k - r - t, -7*r = 3*k - 2*r + 89. Let z = 67 + k. What are the prime factors of z?
2, 11
Let f = -923 + 538. Let c = -248 - f. What are the prime factors of c?
137
What are the prime factors of 12*(-515)/25*(-20)/8?
2, 3, 103
Let i(w) = -w**3 - 7*w**2 + 7*w - 12. Let s be i(-9). Suppose 5*f - s = 113. Let t = 73 - f. What are the prime factors of t?
3, 11
Suppose -17 = -4*n - 5, 3*j - 897 = 5*n. Suppose 0 = -37*f + 39*f - j. List the prime factors of f.
2, 19
Suppose 298 - 25 = 3*g - 4*j, -5*j = -3*g + 273. Let l be 3 + -1 + 1 + g. List the prime factors of (5/10)/(1/l).
47
Let g = -53 - -55. Suppose -g*h = -5*x + 360, 0*x - 3*h = 2*x - 144. List the prime factors of x.
2, 3
Let z(q) = q**3 - 9*q**2 + 11*q - 11. Let u be z(9). Let t = u - 40. What are the prime factors of t?
2, 3
Let l(k) be the first derivative of k**3/3 + 3*k**2/2 + 4*k + 1. Let a(c) = -3*c - 64. Let o be a(-20). What are the prime factors of l(o)?
2
Let k(x) = -x - 6. Let b be k(-6). Suppose -18*q + 16*q + 152 = b. Suppose -54 = -5*g + q. List the prime factors of g.
2, 13
Suppose 12*z = 9*z + 495. What are the prime factors of z?
3, 5, 11
Let p(m) = -8*m + 8. Let u be p(-5). Let x = 166 - u. What are the prime factors of x?
2, 59
Suppose -3*u = 0, -5*z + 3*u = -0*u - 40. Suppose 0 = -4*t - 0*t + z. List the prime factors of t.
2
Let t(u) = 3*u - 9. Let j be t(9). Suppose 2 = -4*f + j. Suppose -f*v = -3*v - 34. What are the prime factors of v?
2, 17
Let t be (6/(-8))/(3/(-1236)). Suppose -5*p + 465 = 3*h, 2*h + 3*p + 0*p = t. List the prime factors of (-6)/4 - h/(-4).
2, 3
Suppose -p + 96 = -170. Let i = p + -171. List the prime factors of i.
5, 19
Let d(n) = n**2 + 7*n + 5. Let a be d(-7). Suppose -m + 4*r + 18 = 0, 0 = -a*m + 3*r + 2*r + 105. What are the prime factors of m?
2, 11
Suppose 303 - 21 = 2*l. Suppose -588 = -4*j - 0*j. Suppose j = 4*v - 5*h, 3*h = -4*v + 46 + l. List the prime factors of v.
43
What are the prime factors of 2*8/6*567/108?
2, 7
Suppose -z + 2*z = 1, 2*d = 3*z + 391. What are the prime factors of d?
197
Suppose -2*f + 6 = -2*s + 3*s, f - 3*s = 17. Suppose 0*g + 485 = f*g. What are the prime factors of g?
97
Let y = 266 + -107. Suppose -v - 3*s + y = 0, 2*v = -3*s + 286 + 41. What are the prime factors of v?
2, 3, 7
Let m = -7 + 180. List the prime factors of m.
173
Let b(f) = -239*f**3 - 10*f**2 - 17*f - 3. What are the prime factors of b(-2)?
11, 173
Let n = -33 - -37. Suppose -3*s = -0*w - 2*w + 168, -n*s + 218 = 3*w. What are the prime factors of w?
2, 3, 13
Suppose -3*y = -5*j - 163 + 41, 180 = 4*y + 2*j. List the prime factors of y.
2, 11
Let l be (6 - 11)*(1 - 0). What are the prime factors of 310 - ((4 - 5 - -4) + l)?
2, 3, 13
Suppose 2 = -0*r - r. Let n be 3/(r - (-28)/8). Suppose -4*d = 6*y - y - 61, 26 = n*d - 2*y. What are the prime factors of d?
2, 7
Suppose 126 = -5*h + 7*h. Suppose 5*a - h = 4*a - 2*q, 5*q = 0. What are the prime factors of a?
3, 7
Let j = 1529 - 998. List the prime factors of j.
3, 59
Let v(h) = 15*h + 138. What are the prime factors of v(-9)?
3
Suppose -4*r = z - 6, -r - 2*z = 3*r - 4. Let v(j) = 6*j**2 + j. Let s be v(-2). Let w = s + r. What are the prime factors of w?
2, 3
Let u = -3 + 5. Suppose 6 - u = 2*x. Suppose -x*w + 4*w = 4. List the prime factors of w.
2
Let z(v) = 7*v**2 - v - 2. Let p be z(-2). Suppose 5*l - p = l. Suppose l*n = n + 348. List the prime factors of n.
2, 29
Let y be (-1)/(0 + 3/(-18)). Suppose -4*s = -y*s - 2448. List the prime factors of 2/(-10) + s/(-20).
61
Let o(t) = -107*t + 40. Let g be o(10). List the prime factors of g/(-4) - 22/44.
257
Let j(o) = -21*o**3 - 3*o**2 - 19*o - 7. What are the prime factors of j(-4)?
3, 5, 7, 13
Let m = 509 + -355. Let u = m + -74. List the prime factors of u.
2, 5
Let c be (1/4)/((-4)/(-3184)). Suppose 3*l - 5*l - 3*o + 193 = 0, 0 = 2*l + 5*o - c. What are the prime factors of l?
2, 23
Let r(k) = k**3 + 10*k**2 + 14*k + 13. Let i be r(-9). Let h = 48 + i. Suppose h = c - 3. List the prime factors of c.
19
Let l = 10 - -44. Suppose l = 2*r - 158. What are the prime factors of r?
2, 53
Let c(d) = 2*d**3 - 5*d**2 - 27*d - 14. List the prime factors of c(12).
2, 11, 109
Suppose 3*r - 5*o = 0, 0 = -4*r - 2*o + 33 - 7. Suppose -4*z = r*i - i - 432, 0 = -z - 2*i + 109. List the prime factors of z.
107
Suppose -3*l + 5898 = 4*z, -192*z + 3 = -191*z. What are the prime factors of l?
2, 3, 109
Let p = 44 + 61. Suppose -4*x + 319 = -p. What are the prime factors of x?
2, 53
Let c = -6 + 9. Let z = -36 + 86. Suppose 2*a + c*a = z. What are the prime factors of a?
2, 5
Let k(w) = w**3 - 5*w**2 + w. Let p be k(5). Suppose 5*d = j + 25, 3*d + p = 5*j + 42. List the prime factors of 2*(-3)/((-6)/d).
2
Let c = -239 + 522. Suppose 8*i = c + 421. What are the prime factors of i?
2, 11
Let y(a) = -4*a - 8. Let p be y(-7). Suppose 4*h + p = -h. List the prime factors of (-316)/(-36) + h/(-18).
3
Suppose 3*k + 52 = -2. Let p = k - -21. Suppose 25 = 2*u + p*l + 2*l, 5*l - 20 = -u. List the prime factors of u.
5
Suppose 0 = a - 1247 - 184. What are the prime factors of a?
3, 53
Let h be (-1)/(-3*(-2)/84). Let w = h - -10. Let y = w - -24. What are the prime factors of y?
2, 5
Let i(s) = 34*s + 346. What are the prime factors of i(54)?
2, 1091
Suppose -188*m + 196*m + 288 = 0. Let x = 138 - 79. Let s = x + m. What are the prime factors of s?
23
Let g = 13 - 13. Suppose -4*v + 5*f + 20 = 0, 5*v = -4*f - f + 25. Suppose -3*o = -3*n - 63, g*o + 5*n - 95 = -v*o. What are the prime factors of o?
2, 5
Let t(h) = h**2 - 23. What are the prime factors of t(8)?
41
Suppose 2*j - 637 = -4*o + 3*j, -2*o = -j - 319. List the prime factors of o.
3, 53
Let s(g) = 5*g**3 + g**2 - 14*g - 1. What are the prime factors of s(7)?
3, 5, 37
Let y(m) = m**3 - m**2 + m - 2. Let r = -8 - -7. Let n = r - -4. List the prime factors of y(n).
19
List the prime factors of -1*(-8)/(-44) + (-600921)/(-253).
5, 19
List the prime factors of (-5)/((-105)/47571) + 10/(-35).
3, 5, 151
Let v be -2 + 4 - -4 - 1. Let a(d) = d**3 - 6*d**2 + 4*d + 5. Let s be a(5). Suppose -v*y + 12 = q, s = -5*q + 3*y - 6*y + 60. List the prime factors of q.
2, 3
Suppose -6*b - 43 = -181. What are the prime factors of